 Suppose -3*x = c - 7, -4*c + d*x = -c - 9. Calculate the remainder when g is divided by c.
3
Let q = -57 + 75. Calculate the remainder when (374/q - 16/(-72)) + 1 is divided by 4.
2
Let n = 31 + -26. Suppose -4*h - 17 = -n*h. Calculate the remainder when h is divided by 6.
5
Suppose 5*d + 2*u = 12 + 7, -2*u - 16 = -2*d. Calculate the remainder when 23 is divided by d.
3
Let a(s) = s**2 - 10*s - 20. Let o be a(12). Suppose 3*k = -3*i + 33, -4*i + 5*i + o*k = 17. What is the remainder when 44 is divided by i?
8
Suppose -4161 = -35*k + 1229. What is the remainder when k is divided by 12?
10
Suppose 0 = 2*k - 4, -5*s - 7 = -5*k - 77. What is the remainder when 33 is divided by s?
1
Suppose c - 21 = -o - 2*o, 2*c - 3*o = -3. Calculate the remainder when 46*2*(-1)/(-4) is divided by c.
5
Suppose 2*z + 0*z = -m + 4, 0 = 2*z + 5*m + 4. Suppose -2 = -3*f - 5, 2*o - 41 = 3*f. Calculate the remainder when o is divided by z.
1
Suppose 12*h + 743 = 6107. What is the remainder when h is divided by 24?
15
What is the remainder when 1524 is divided by -3*(14/(-2) - 1936/66)?
107
Let n = -17 - -23. Suppose b - 35 = n*b. What is the remainder when 31 is divided by 116/14 - (-2)/b?
7
Suppose 3*r = -4*w + 9*w - 891, -3*r - 360 = -2*w. What is the remainder when w is divided by 62?
53
Let c(l) = -6*l - 111. Calculate the remainder when c(-31) is divided by 22.
9
Let f(o) = o - o + 8 + o. Let k = -7 - -15. Calculate the remainder when 28 is divided by f(k).
12
Suppose 6*v - 468 = -12*v. Let p = -139 + 214. Calculate the remainder when p is divided by v.
23
What is the remainder when 4 - (-3)/6*34 is divided by (3/6 - 0)*16?
5
Suppose -108*r - 126 = -122*r. What is the remainder when 34 is divided by r?
7
Let c(w) = 6*w + 3. Let f be c(-1). What is the remainder when 1 + f + 63 + -5 is divided by 10?
6
Let j(s) = -s**2 - 1056*s + 9592. Suppose -c + 0 = 4, 3*m - 15 = -3*c. What is the remainder when m is divided by j(9)?
2
Suppose 5*y - y - 160 = 0. Suppose 0*b = 5*b - y. Suppose 11*w + 5*w = 80. What is the remainder when b is divided by w?
3
Suppose -2*d - 103 = -4*d - c, 4*c = 2*d - 118. What is the remainder when 352 is divided by d?
34
Let g(x) = x**3 - 5*x**2 - 9*x - 23. Calculate the remainder when g(8) is divided by 17.
12
Let y be (-1)/(-2*(-1)/(-26)). Suppose y + 35 = 4*q. Suppose -q - 21 = -3*w. Calculate the remainder when w is divided by 6.
5
Let s(b) = 110*b + 105. Calculate the remainder when 316 is divided by s(0).
1
Let o be 2/(-6)*1 - (-1088)/51. Suppose o*m = 19*m + 26. What is the remainder when m is divided by 8?
5
Suppose -2*j + 2*s = j + 2, 4*s + 40 = -5*j. Let d(f) = -2*f**2 + 2*f. Let n be d(j). Let y = n + 105. What is the remainder when y is divided by 11?
10
Suppose -54*a = -52*a - 70. Calculate the remainder when 86 is divided by a.
16
Let o(n) = -15*n + 3. Suppose 6*b - 10*b = 12. What is the remainder when o(b) is divided by 27?
21
Let v(t) = t**3 - 5*t**2 - 4*t + 8. What is the remainder when v(6) is divided by ((-7)/(-1))/((-2 - -7)/5)?
6
Suppose -60 = -y - 48. Calculate the remainder when 82 is divided by y.
10
Let q(d) = -2*d**3 - 13*d**2 - 20*d + 3. What is the remainder when -4 - -15 - (1 + -1) is divided by q(-4)?
2
Let a(m) = -m**3 + 11*m**2 - 10*m + 11. Let c be a(10). Let u(g) = -g**3 + 10*g**2 + 17*g - 11. What is the remainder when u(c) is divided by 15?
10
Let z(t) = t - 9. Let q be 3*1 - (-100)/10. Calculate the remainder when 9 is divided by z(q).
1
Suppose -k - 4*k = 105. Let p = 26 + k. Let l = 75 - p. Calculate the remainder when l is divided by 18.
16
Suppose 0 = 6*g - 3 - 57. What is the remainder when (-54)/(-45)*230/4 is divided by g?
9
Let f(i) = -i**3 - 3*i**2 + i - 9. Let x be f(-4). Suppose -35 = -x*u + 28. What is the remainder when 208 is divided by u?
19
Suppose -206 = -5*s + 2*a, 2*s - 5*a + 8 = 82. What is the remainder when s is divided by 27?
15
Let p be (1 - 3)*(-3)/2. Suppose -4*b = 3*d + 3 - 36, p = 3*b - 5*d. Calculate the remainder when 23 is divided by b.
5
Let c(i) = -60*i - 5. Let o be (1 - 0)*(-4)/(-8)*-2. What is the remainder when c(o) is divided by 14?
13
Let h(m) = 6*m + 15. Calculate the remainder when 99 is divided by h(-2).
0
Calculate the remainder when 186 is divided by (-14)/(((-10)/5)/4).
18
Suppose -15*t - 136 = -1726. Calculate the remainder when t is divided by 22.
18
Calculate the remainder when (-10)/(-2)*1*(-4248)/(-180) is divided by 11.
8
Suppose 2*k + 2*b = 5*b + 83, 4*b + 12 = 0. Calculate the remainder when 199 is divided by k.
14
Let l(d) = -d + 4. Let f be l(0). What is the remainder when 11 + -1 + -2 + 42 is divided by (2/f)/((-2)/(-52))?
11
Suppose 0 = 4*i + 5*a - 142, 118*a = -5*i + 122*a + 198. Calculate the remainder when 341 is divided by i.
37
Let u = 51 - 75. Let g = 51 + u. Let v = 2 + 2. Calculate the remainder when g is divided by v.
3
Let b(s) = -51*s + 220. Suppose 5*x + 4*m = 159, -2*x + 59 = -6*m + 3*m. What is the remainder when x is divided by b(4)?
15
Suppose 11*g = 16*g - 570. Calculate the remainder when 33 is divided by (1/(-2))/(((-3)/g)/1).
14
Calculate the remainder when (-2 + -19)/(2 - 28/12) is divided by 98/6 + 8 + (-100)/12.
15
Let i = 224 + -105. Let b(q) = 20*q**3 - q**2 + 2*q - 1. What is the remainder when i is divided by b(1)?
19
Let t(o) = 4*o - 11. Let x = 398 + -361. Calculate the remainder when x is divided by t(6).
11
Suppose 2*i - 26 = 20. Let z(p) be the third derivative of -p**4/6 - p**3/2 + p**2. Calculate the remainder when i is divided by z(-2).
3
Suppose 12*g + 178 - 826 = 0. What is the remainder when 267 is divided by g?
51
Suppose 89*r - q + 56 = 90*r, -5*r + 240 = -5*q. What is the remainder when r is divided by 11?
8
Let m(s) = 4*s**2 + 5*s + 11. Let y be m(-2). Let w = 30 - 19. Let v = y - w. What is the remainder when 21 is divided by v?
3
What is the remainder when 77 is divided by 1*9 + 10 + -4?
2
Let l(o) = -o**2 + 7*o + 2. Let n be l(7). Let h(t) = 15*t + 2. Let a be h(2). Suppose -6*d + a = -n*d. What is the remainder when 39 is divided by d?
7
Let i(s) = -5 + s**2 + 3 + 8 + 12*s. Let r be i(-11). Calculate the remainder when (28/r)/((-16)/200) is divided by 12.
10
Calculate the remainder when 3*((-224)/(-6) - 6) is divided by 55.
39
Let i be 2/(-5) + (-868)/(-20). Let m = i + -10. What is the remainder when 65 is divided by m?
32
Let d(p) = p**2 - p - 2. Let n(v) = 8*v**2 + 25*v. Let f(h) = -h**2 - h. Let a(q) = -6*f(q) - n(q). What is the remainder when a(-9) is divided by d(-2)?
1
Suppose -y + 5*j + 122 = 2*j, 0 = 3*y - 2*j - 352. Suppose -24*z = -28*z + y. Calculate the remainder when 57 is divided by z.
28
Suppose 3*q = 37 - 145. Let v be (((-5)/1)/(-5))/(3/(-66)). Let g = v - q. What is the remainder when 39 is divided by g?
11
Let b(d) = d**2 + 10*d - 4. Let u be b(-12). Let r = u - 10. Let w(z) = -z**3 + 10*z**2 - 6*z + 12. Calculate the remainder when w(9) is divided by r.
9
Suppose -41 = -3*j - 2*q, -61 = -3*j + 4*q - 2*q. What is the remainder when j is divided by -1 + (6 - (1 - 3))?
3
Suppose 3*g - 2*g + 636 = 4*x, 0 = 5*x + g - 795. What is the remainder when x is divided by 17?
6
Suppose i - 5*i + 40 = 0. Calculate the remainder when 16 is divided by (14/4 - 3)*i.
1
What is the remainder when ((-8)/(-6))/(324/13851) is divided by 6?
3
Let s = 331 + -202. Let m be (-1)/(-1)*-1*49. Let f = -16 - m. Calculate the remainder when s is divided by f.
30
Suppose 5*j + 354 = 2*j. Let n = -86 - j. Calculate the remainder when 93 is divided by n.
29
Let j = 324 - 245. Calculate the remainder when 493 is divided by j.
19
Suppose o + 0*o + 40 = 0. Let j = o - -58. Calculate the remainder when 48 is divided by j.
12
Suppose 3 - 6 = -q. Suppose -4*p + q = b - 102, -2*b = 6. Suppose 5*t = t + 40. What is the remainder when p is divided by t?
7
Suppose 4*v - 21 = 3*j, -2*j + 2*v - 14 = 4*v. Let f(x) = -x**3 - 8*x**2 - 9*x - 9. Calculate the remainder when 19 is divided by f(j).
4
Suppose -16*v = -26*v + 1950. Calculate the remainder when v is divided by 40.
35
Let d = -49 + 53. Suppose d*y + 5*o = 93, -5*o + 114 = 5*y - o. Calculate the remainder when 42 is divided by y.
20
Let s = 20 - 34. Let f = s - -7. Let w(l) = -9*l - 5. What is the remainder when w(f) is divided by 15?
13
Let o(k) = -2*k - 60. Let z be o(2